) = -3*y**2 - 28*y + 7. Calculate n(-12).
-89
Let f(m) = -8*m + 28. What is f(6)?
-20
Let u(t) = t**3 + 9*t**2 - 4*t - 13. What is u(-9)?
23
Let a(j) = -j**3 - 11*j**2 - 10*j + 11. Calculate a(-10).
11
Let y(d) = -d**2 - 11*d + 19. Calculate y(-16).
-61
Let v(c) = -c**3 + 6*c**2 - c + 13. Calculate v(6).
7
Let d(a) = -36*a - 255. What is d(-7)?
-3
Let a(r) = -r + 3. Give a(2).
1
Let b(h) = -2*h**2 + 27*h + 14. What is b(14)?
0
Let k(t) = t**3 + 8*t**2 + 8*t + 1. Calculate k(-7).
-6
Let f(z) = z**2 + 15*z - 20. Give f(-14).
-34
Let z(g) = g**2 + 5*g - 4. Determine z(-6).
2
Let z(l) = l**3 - 9*l**2 + 16*l - 7. Give z(7).
7
Let x(y) = -y - 1. What is x(2)?
-3
Let x(p) = -p**3 + 12*p**2 - 26*p + 61. What is x(10)?
1
Let a(c) = -c**2 + 9*c + 1. Calculate a(7).
15
Let x(s) = -s**2 + 11*s + 6. What is x(11)?
6
Let z(p) = 2*p**2 + 8*p + 6. Calculate z(-5).
16
Let n(i) = i**3 + 7*i**2 - 4*i + 14. Calculate n(-8).
-18
Let w(z) = -z**3 + 4*z**2 - 5*z + 16. What is w(4)?
-4
Let s(j) = -2*j**2 + 3*j + 5. Give s(2).
3
Let l(u) = -u**3 - 30*u**2 + 2*u + 26. Determine l(-30).
-34
Let i(w) = -w**3 - 3*w**2 - 5*w - 6. What is i(-3)?
9
Let k(s) = -15*s - 44. What is k(-5)?
31
Let f(o) = o**3 - 7*o**2 + 5*o + 10. What is f(6)?
4
Let o(f) = -f + 6. What is o(-7)?
13
Let v(n) = -n**2 - 7*n + 11. What is v(-9)?
-7
Let a(b) = -b**3 - 27*b**2 - 25*b + 18. What is a(-26)?
-8
Let y(k) = -2*k**3 + 16*k**2 - 5*k + 9. Give y(8).
-31
Let c(t) = -49*t**3 - t**2 - 2*t + 3. Give c(1).
-49
Let j(q) = -q**2 - 7*q - 8. Calculate j(-5).
2
Let x(b) = -b**3 + 6*b**2 + 11*b - 74. What is x(6)?
-8
Let w(d) = 3*d - 18. Calculate w(2).
-12
Let g(w) = w**3 + 4*w**2 + w + 1. Calculate g(-4).
-3
Let j(v) = v**2 - 53*v - 8. Calculate j(0).
-8
Let g(s) = s**3 - 14*s**2 - 17*s + 2. Calculate g(15).
-28
Let n(t) = 3*t + 13. Calculate n(-15).
-32
Let h(t) = 3*t - 11. Give h(4).
1
Let v(t) = t**3 + 5*t**2 + 5*t. Give v(-4).
-4
Let b(t) = 13*t - 6. What is b(2)?
20
Let y(q) = 3*q - 30. Determine y(8).
-6
Let v(z) = -2*z**3 + 25*z**2 - 11*z - 16. What is v(12)?
-4
Let n(h) = 2*h - 2. Determine n(10).
18
Let f(v) = 4*v**2 + 34*v - 20. Determine f(-9).
-2
Let g(b) = -b**3 - 9*b**2 - 3*b + 2. Give g(-8).
-38
Let y(c) = 10*c - 121. Give y(13).
9
Let o(t) = -t**3 - 14*t**2 + 18*t + 18. Calculate o(-15).
-27
Let n(b) = b**2 - 6*b - 24. Calculate n(9).
3
Let x(p) = 4*p**2 - 132*p + 8. What is x(33)?
8
Let c(i) = -10*i + 1. Determine c(-1).
11
Let y(g) = g - 3. Calculate y(16).
13
Let f(z) = -z**2 + 2*z + 4. Calculate f(-2).
-4
Let s(j) = j**3 - 8*j**2 - 4*j + 12. Calculate s(7).
-65
Let c(q) = -2*q**2 + 34*q + 223. What is c(22)?
3
Let o(v) = -v**3 + 11*v**2 - 10*v + 2. What is o(10)?
2
Let y(f) = -3*f + 72. What is y(14)?
30
Let x(i) = 12*i + 21. Calculate x(-11).
-111
Let f(t) = -t**3 + 10*t**2 - 16*t + 5. What is f(8)?
5
Let v(s) = s**2 + 27*s + 91. Give v(-22).
-19
Let s(r) = 3*r**3 - 6*r + 4. Determine s(4).
172
Let w(i) = -201*i + 1607. Give w(8).
-1
Let m(p) = 26*p - 12. Determine m(2).
40
Let b(n) = -6*n - 38. Determine b(-7).
4
Let d(w) = 2*w**3 - 3*w**2 - 2*w - 2. Calculate d(3).
19
Let d(z) = -4*z**2 - 19*z + 4. Give d(-8).
-100
Let k(w) = -w**3 - 11*w**2 + 13*w + 24. What is k(-11)?
-119
Let w(a) = 2*a**3 - 18*a**2 + 4*a - 36. What is w(9)?
0
Let w(q) = q**3 - 11*q**2 + 7*q - 3. Calculate w(10).
-33
Let p(y) = -2*y**3 + y**2 + 7*y - 7. Give p(3).
-31
Let i(t) = -4*t + 14. Give i(7).
-14
Let l(d) = d**3 - 23*d**2 + 22*d - 26. Calculate l(22).
-26
Let c(z) = 37*z + 227. Determine c(-6).
5
Let h(a) = a**2 + a + 5. Calculate h(-4).
17
Let d(t) = t**2 + 15*t - 100. Determine d(-20).
0
Let g(p) = -6*p**2 - 7. Give g(3).
-61
Let k(c) = -c**3 + 33*c**2 - 32*c + 35. Calculate k(32).
35
Let q(x) = -2*x - 10. Determine q(11).
-32
Let w(h) = 11*h - 2. What is w(-2)?
-24
Let a(c) = c**3 + 16*c**2 - 2*c - 26. Determine a(-16).
6
Let o(p) = 7*p**2 - 42*p + 12. Determine o(6).
12
Let n(y) = -2*y + 6. Calculate n(-1).
8
Let m(y) = y**3 - 5*y**2 - 8*y + 12. What is m(6)?
0
Let b(d) = d**3 - 29*d**2 + 13. Give b(29).
13
Let h(y) = y**3 + 25*y**2 + 47*y + 31. What is h(-23)?
8
Let d(w) = -7*w**2 + 12*w + 7. Determine d(3).
-20
Let c(p) = -p**3 + 13*p**2 + 15*p - 16. What is c(14)?
-2
Let x(q) = -2*q**2 + 7*q + 2. What is x(6)?
-28
Let t(n) = -2*n**3 - 12*n**2 + 18*n + 24. Give t(-7).
-4
Let l(j) = 28*j - 145. Give l(5).
-5
Let n(q) = -q**3 - 4*q**2 - 5*q - 8. What is n(-4)?
12
Let n(f) = f**3 + 4*f**2 - f + 4. Calculate n(-4).
8
Let z(t) = -t**2 - 26. What is z(0)?
-26
Let m(l) = l - 3. What is m(2)?
-1
Let h(t) = 2*t**3 - 16*t**2 - 2*t + 7. Determine h(8).
-9
Let l(d) = d**2 + 2*d + 6. What is l(-2)?
6
Let f(q) = -2*q - 1. Calculate f(-3).
5
Let p(z) = z**3 - 13*z**2 + 26*z - 13. Calculate p(10).
-53
Let g(c) = 9*c - 20. What is g(2)?
-2
Let m(l) = -5*l - 4. What is m(6)?
-34
Let i(r) = -2*r + 7. What is i(5)?
-3
Let w(d) = -d**2 - d - 10. Give w(0).
-10
Let r(n) = -3*n + 17. Determine r(7).
-4
Let i(n) = n**2 - 7*n + 8. Determine i(6).
2
Let o(s) = -2*s**2 - 19*s - 8. Determine o(-9).
1
Let r(x) = x**3 + 12*x**2 + 7*x - 29. Determine r(-9).
151
Let r(w) = 3*w - 101. Give r(33).
-2
Let x(f) = -7*f + 40. Determine x(5).
5
Let u(y) = -y**2 + 5*y - 4. Give u(9).
-40
Let x(h) = -10*h**2 + 10*h - 3. What is x(3)?
-63
Let x(b) = 6*b + 13. Give x(3).
31
Let x(t) = 4*t**3 + 11*t**2 - 5*t - 4. What is x(-3)?
2
Let s(k) = 3*k - 16. Calculate s(3).
-7
Let m(l) = -3*l - 53. Calculate m(-11).
-20
Let a(k) = 93*k + 746. Determine a(-8).
2
Let i(f) = f**3 + 6*f**2 + 5*f + 7. Give i(-4).
19
Let q(o) = o**3 - 3*o**2 + 2. Calculate q(1).
0
Let m(p) = -8*p - 9. Calculate m(-6).
39
Let c(j) = 9*j + 207. Give c(-22).
9
Let u(b) = -b**2 + 5*b + 1. Give u(4).
5
Let o(q) = -79*q**2 - 6*q - 1. Calculate o(-1).
-74
Let p(r) = r**2 + 7*r - 6. Give p(-7).
-6
Let p(n) = -n**3 + 6*n**2 - 4*n + 14. What is p(6)?
-10
Let w(j) = -j**3 - 8*j**2 + 6*j - 5. Determine w(-9).
22
Let n(o) = -o**2 - 44*o - 220. Calculate n(-38).
8
Let h(k) = k**3 + 20*k**2 + k + 22. Give h(-20).
2
Let o(a) = -a**2 + 4*a + 5. Calculate o(4).
5
Let t(k) = -42*k**3 + k**2 + 4*k + 3. Calculate t(-1).
42
Let n(o) = -o**2 + 10*o - 2. What is n(10)?
-2
Let i(r) = 4*r + 3. Give i(-2).
-5
Let j(s) = 2*s**3 - 25*s**2 - 12*s - 18. Give j(13).
-5
Let u(b) = b**3 + 4*b**2 + 7*b + 3. What is u(-6)?
-111
Let a(c) = -c**3 + 5*c**2 - 11*c + 5. What is a(4)?
-23
Let v(z) = 2*z**2 + 11*z + 6. What is v(-6)?
12
Let q(h) = -12*h**2 - h + 2. Give q(-2).
-44
Let h(f) = f**3 - 14*f**2 - 50*f - 12. Calculate h(17).
5
Let j(h) = -46*h - 1. Calculate j(1).
-47
Let g(z) = z**3 - 5*z**2 - 8*z - 7. Determine g(7).
35
Let u(k) = -k**2 - 11*k - 3. Determine u(-5).
27
Let o(r) = -7*r - 8. Give o(-4).
20
Let p(n) = n + 4. Give p(8).
12
Let y(n) = -2*n**2 + 3*n - 2. Determine y(2).
-4
Let p(y) = 2*y + 14. What is p(15)?
44
Let s(w) = -3*w**3 + 20*w**2 + 5*w - 5. Calculate s(7).
-19
Let g(v) = -30*v - 179. Determine g(-6).
1
Let t(w) = w - 1. What is t(-21)?
-22
Let x(g) = -g**2 - 14*g - 6. Give x(-10).
34
Let r(k) = k**3 + 5*k**2 - 16*k - 5. Determine r(-7).
9
Let y(q) = -q**3 - 21*q**2 - 14*q - 16. Determine y(-20).
-136
Let b(a) = a**3 - 11*a**2 - 28*a + 28. What is b(13)?
2
Let h(t) = -30*t - 66. Determine h(-2).
-6
Let z(x) = x**3 + 8*x**2 - 10*x - 6. Give z(-9).
3
Let s(v) = v**2 - 22*v + 109. Give s(7).
4
Let h(j) = -j**3 + 19*j**2 - 2*j + 14. Determine h(19).
-24
Let f(u) = -u**3 - 8*u**2 + 4*u - 2. Determine f(-8).
-34
Let i(q) = -q**3 + 4*q**2 + 10*q - 21. Give i(5).
4
Let m(n) = n + 7. Determine m(-12).
-5
Let i(s) = -s**3 - 2*s**2 + 27*s + 75. Give i(-4).
-1
Let x(z) = z**3 + 11*z**2 - 11*z + 18. Give x(-12).
6
Let y(d) = d**3 - 8*d**2 + 14*d - 18. Give y(9).
189
Let o(k) = -k**2 - 14*k + 11. Calculate o(-15).
-4
Let m(d) = 7*d - 49. What is m(7)?
0
Let p(g) = g - 8. Calculate p(14).
6
Let j(y) = 25*y - 9. Calculate j(-4).
-109
Let y(d) = 7*d - 7. Give y(-2).
-21
Let z(n) = -2*n + 8. Calculate z(2).
4
Let i(h) = -31*h + 16. Give i(-1).
47
Let a(d) = 15*d - 2. Give a(1).
13
Let z(b) = -3*b + 12. Give z(-9).
39
Let i(n) = 6*n - 66. Give i(15).
24
Let x(t) = -10*t - 115. Determine x(-10).
-15
Let m(h) = 8*h - 3. Calculate m(4).
29
Let k(o) = 2*o + 2. Calculate k(19).
40
Let o(w) = -w**2 -